NOAA-Style Climate Reports

Select a Year or Month report
2019: Jan Feb Mar Apr May Jun Jul Aug Sep Oct Nov Dec
2018: Jan Feb Mar Apr May Jun Jul Aug Sep Oct Nov Dec
2017: Jan Feb Mar Apr May Jun Jul Aug Sep Oct Nov Dec
2016: Jan Feb Mar Apr May Jun Jul Aug Sep Oct Nov Dec
2015: Jan Feb Mar Apr May Jun Jul Aug Sep Oct Nov Dec
2014: Jan Feb Mar Apr May Jun Jul Aug Sep Oct Nov Dec
2013: Jan Feb Mar Apr May Jun Jul Aug Sep Oct Nov Dec
2012: Jan Feb Mar Apr May Jun Jul Aug Sep Oct Nov Dec

Report for 2019 February
                   Monthly Climatological Summary for Feb 2019

Name: Torquay Weather   City: Torquay   State: Devon
Elevation: 26 m  Lat: N 50° 29' 36"   Lon: W 003° 34' 43"

                  Temperature (°C), Rain (mm), Wind Speed (mph)

                                      Heat  Cool        Avg
    Mean                              Deg   Deg         Wind                 Dom
Day Temp  High   Time   Low    Time   Days  Days  Rain  Speed High   Time    Dir
----------------------------------------------------------------------------------
 1   1.7   3.2   15:39   0.2   02:09  16.6   0.0   2.2   3.5  22.0   11:22   NNE
 2   1.6   6.3   13:29  -3.1   08:11  16.7   0.0   0.0   2.0  18.0   14:08     N
 3   2.6   9.3   22:41  -5.6   07:29  15.6   0.0   0.0   0.7  16.0   23:26    SW
 4   8.7  14.4   15:46   1.7   22:48   9.6   0.0   0.0   1.9  23.0   04:47   WSW
 5   9.2  11.8   17:46   3.4   00:00   9.1   0.0   0.0   1.8  17.0   17:41   SSW
 6   8.1  10.9   00:00   2.4   07:41  10.2   0.0   0.0   1.3  29.0   23:34   WSW
 7   8.0   9.9   13:03   6.1   07:19  10.3   0.0   0.0   4.6  29.0   00:59   WNW
 8   9.8  11.6   08:52   6.8   23:51   8.5   0.0   0.0   6.4  28.0   08:52     W
 9   8.2  10.8   13:31   6.6   00:30  10.1   0.0   0.0  ----  26.0   01:28   WNW
10   6.4   8.9   14:07   4.2   07:40  11.9   0.0   0.0  ----  25.0   13:10   NNW
11   6.8  11.3   15:21  -0.7   23:40  11.5   0.0   0.0  ----  20.0   02:04     N
12   5.8  11.3   14:22  -1.7   02:56  12.5   0.0   0.0  ----   9.0   15:03     W
13   7.3  12.3   13:51   0.6   23:47  11.0   0.0   0.0  ----  13.0   10:10   WSW
14   3.8  11.1   14:10  -0.7   23:58  14.5   0.0   0.0  ----  11.0   12:55   SSE
15   5.3  15.0   14:31  -0.9   00:11  13.0   0.0   0.0  ----   9.0   15:30     S
16  11.0  12.7   12:59   4.5   00:00   7.2   0.0   0.0  ----  12.0   11:24    SW
----------------------------------------------------------------------------------
     6.5  15.0    15    -5.6     3   188.3   0.0   2.2   2.5  29.0     6     WNW

Max >=  27.0:  0
Max <=   0.0:  0
Min <=   0.0:  6
Min <= -18.0:  0
Max Rain: 2.2 on day 1
Days of Rain: 1 (>= 0.0 mm)  1 (>= 0.1 mm)  1 (>= 1.0 mm)
Heat Base: 18.3  Cool Base: 18.3  Method: Integration