NOAA-Style Climate Reports


Report for 2019 May
                   Monthly Climatological Summary for May 2019

Name: Torquay Weather   City: Torquay   State: Devon
Elevation: 26 m  Lat: N 50° 29' 36"   Lon: W 003° 34' 43"

                  Temperature (°C), Rain (mm), Wind Speed (mph)

                                      Heat  Cool        Avg
    Mean                              Deg   Deg         Wind                 Dom
Day Temp  High   Time   Low    Time   Days  Days  Rain  Speed High   Time    Dir
----------------------------------------------------------------------------------
 1  10.8  15.2   13:13   5.2   00:00   7.4   0.0   0.0   1.0  12.0   13:19   SSW
 2   8.9  14.6   13:18   2.4   03:00   8.7   0.0   0.0   2.0  14.0   13:06     N
 3   9.5  17.2   15:27   2.0   03:27   8.8   0.0   0.0   1.8  15.0   17:29   NNW
 4   8.6  14.3   16:26   1.7   23:43   9.7   0.0   0.0   2.6  19.0   15:39    NE
 5   6.4  14.0   15:27  -1.6   06:15  11.9   0.0   0.0   1.1  11.0   14:45     W
 6   7.0  13.9   16:43  -1.7   04:31  11.3   0.0   0.0   1.0  10.0   15:55   WNW
 7   9.4  13.5   15:13   3.9   05:20   8.9   0.0   3.2   2.5  13.0   10:19   SSE
 9  11.3  15.6   15:24   3.5   00:00  13.3   0.0  16.0   3.3  21.0   13:54   WNW
10   8.5  14.9   12:46   0.7   03:13   9.8   0.0   1.2   1.7  14.0   13:52     E
11  11.7  17.9   16:31   5.1   05:11   6.6   0.0   0.0   2.3  14.0   10:33     N
12  10.1  15.9   15:43   1.7   05:23   8.2   0.0   0.0   1.7  13.0   11:59    NE
13  11.6  15.1   17:56   6.4   00:00   6.7   0.0   0.0   2.4  17.0   12:33    SE
14  12.0  16.6   16:45   6.3   02:57   6.2   0.0   0.0   2.1  18.0   13:34    SE
15  12.3  16.6   16:08   5.9   23:57   6.0   0.0   0.0   2.0  15.0   14:44    SE
16  10.4  15.9   16:13   3.7   04:07   7.9   0.0   0.0   1.2  16.0   14:22    SE
17   9.2  12.8   11:28   2.5   04:27   9.1   0.0   0.4   1.1  11.0   11:04    NE
18  12.0  17.2   12:20   7.4   03:00   5.9   0.0   0.8   1.0   7.0   12:35     S
19  13.7  19.7   14:20   8.2   04:20   4.7   0.1   0.0   2.3  13.0   08:02   NNE
20  11.9  19.9   12:26   5.8   05:36   6.4   0.0  11.2   0.6   9.0   09:22   NNE
21  13.1  20.1   16:00   5.1   06:07   5.1   0.2   0.0   0.4  10.0   15:00   ENE
22  12.9  20.1   17:17   4.2   04:52   5.6   0.2   0.0   1.5  13.0   15:19   WNW
23  12.6  20.7   15:16   4.6   04:08   5.9   0.2   0.0   1.6  13.0   16:04     N
24  15.1  20.8   15:10   8.5   01:20   3.5   0.4   0.0   2.2  14.0   08:55     N
25  14.4  21.2   18:54   5.6   05:28   4.2   0.4   0.0   1.1  11.0   19:03     N
26  14.4  18.8   16:03   9.7   02:36   3.9   0.0   0.0   2.3  16.0   15:53   NNW
----------------------------------------------------------------------------------
    11.1  21.2    25    -1.7     6   185.7   1.5  32.8   1.7  21.0     9     NNE

Max >=  27.0:  0
Max <=   0.0:  0
Min <=   0.0:  2
Min <= -18.0:  0
Max Rain: 16.0 on day 9
Days of Rain: 6 (>= 0.0 mm)  6 (>= 0.1 mm)  4 (>= 1.0 mm)
Heat Base: 18.3  Cool Base: 18.3  Method: Integration