NOAA-Style Climate Reports
Select a Year or Month report
2024: Jan Feb Mar Apr May Jun Jul Aug Sep Oct Nov Dec
2023: Jan Feb Mar Apr May Jun Jul Aug Sep Oct Nov Dec
2022: Jan Feb Mar Apr May Jun Jul Aug Sep Oct Nov Dec
2021: Jan Feb Mar Apr May Jun Jul Aug Sep Oct Nov Dec
2020: Jan Feb Mar Apr May Jun Jul Aug Sep Oct Nov Dec
2019: Jan Feb Mar Apr May Jun Jul Aug Sep Oct Nov Dec
2018: Jan Feb Mar Apr May Jun Jul Aug Sep Oct Nov Dec
2017: Jan Feb Mar Apr May Jun Jul Aug Sep Oct Nov Dec
2016: Jan Feb Mar Apr May Jun Jul Aug Sep Oct Nov Dec
2015: Jan Feb Mar Apr May Jun Jul Aug Sep Oct Nov Dec
2014: Jan Feb Mar Apr May Jun Jul Aug Sep Oct Nov Dec
2013: Jan Feb Mar Apr May Jun Jul Aug Sep Oct Nov Dec
2012: Jan Feb Mar Apr May Jun Jul Aug Sep Oct Nov Dec
2024: Jan Feb Mar Apr May Jun Jul Aug Sep Oct Nov Dec
2023: Jan Feb Mar Apr May Jun Jul Aug Sep Oct Nov Dec
2022: Jan Feb Mar Apr May Jun Jul Aug Sep Oct Nov Dec
2021: Jan Feb Mar Apr May Jun Jul Aug Sep Oct Nov Dec
2020: Jan Feb Mar Apr May Jun Jul Aug Sep Oct Nov Dec
2019: Jan Feb Mar Apr May Jun Jul Aug Sep Oct Nov Dec
2018: Jan Feb Mar Apr May Jun Jul Aug Sep Oct Nov Dec
2017: Jan Feb Mar Apr May Jun Jul Aug Sep Oct Nov Dec
2016: Jan Feb Mar Apr May Jun Jul Aug Sep Oct Nov Dec
2015: Jan Feb Mar Apr May Jun Jul Aug Sep Oct Nov Dec
2014: Jan Feb Mar Apr May Jun Jul Aug Sep Oct Nov Dec
2013: Jan Feb Mar Apr May Jun Jul Aug Sep Oct Nov Dec
2012: Jan Feb Mar Apr May Jun Jul Aug Sep Oct Nov Dec
Report for 2012 July
 Monthly Climatological Summary for Jul 2012 Name: Torquay Weather City: Torquay State: Devon Elevation: 30 m Lat: N 50° 27' 57" Lon: W 003° 32' 30" Temperature (°C), Rain (mm), Wind Speed (km/h) Heat Cool Avg Mean Deg Deg Wind Dom Day Temp High Time Low Time Days Days Rain Speed High Time Dir ---------------------------------------------------------------------------------- 9 13.6 13.9 23:59 13.6 23:59 0.2 0.0 3.75 ---- 1.8 23:59 WNW 1 10 15.3 19.4 15:00 12.3 03:00 3.1 0.1 5.85 1.0 7.6 19:00 SW 2 11 15.3 19.9 16:00 12.8 23:59 3.1 0.1 6.35 1.3 10.7 18:00 SW 3 12 13.7 15.1 16:00 11.6 05:00 4.7 0.0 3.35 1.8 14.3 17:00 SW 4 13 15.3 19.6 17:00 12.6 05:00 3.1 0.1 6.1 1.6 9.4 13:00 WSW 5 14 15.8 19.9 15:00 13.6 05:00 2.6 0.1 6.75 1.4 7.6 11:00 WNW 6 15 15.7 20.2 17:00 12.1 02:00 2.9 0.3 6.15 1.3 9.8 14:00 SW 7 16 15.9 18.2 19:00 14.1 08:00 2.4 0.0 6.15 2.5 12.5 11:00 WSW 8 17 17.8 23.2 13:00 14.2 06:00 1.6 1.1 8.7 1.5 10.7 17:00 SW 9 18 16.6 20.8 17:00 14.6 06:00 1.9 0.2 7.7 2.3 11.6 11:00 NW 10 19 16.8 21.5 15:00 12.9 06:00 2.0 0.5 7.2 1.2 7.6 13:00 NNW 11 20 15.9 19.8 15:00 12.4 23:59 2.4 0.1 6.1 0.6 7.2 19:00 W 12 21 15.4 20.1 14:00 10.2 03:00 3.1 0.1 5.15 1.0 5.8 09:00 NNW 13 22 16.3 20.6 16:00 11.7 06:00 2.4 0.3 6.15 0.5 4.0 11:00 SSE 14 23 17.7 24.9 17:00 11.3 06:00 2.0 1.4 8.1 0.5 5.4 16:00 WNW 15 24 17.6 21.9 21:00 11.4 06:00 1.8 1.1 6.65 0.8 4.0 12:00 NNW 15 25 21.1 27.3 21:00 13.9 07:00 0.8 3.6 10.6 1.0 6.3 10:00 NNW 16 26 20.9 24.8 17:00 16.8 06:00 0.2 2.7 10.8 0.8 4.5 16:00 NW 17 27 19.8 25.2 14:00 14.7 23:59 0.6 2.1 9.95 2.2 11.2 19:00 W 18 28 16.1 21.3 14:00 11.9 06:00 2.6 0.3 6.6 1.3 8.0 12:00 WSW 19 29 15.3 19.8 17:00 11.7 07:00 3.1 0.1 5.75 1.0 8.5 18:00 WSW 20 30 15.2 19.7 15:00 11.3 07:00 3.3 0.1 5.5 1.2 9.8 23:59 S 21 31 16.9 20.3 16:00 12.9 02:00 1.7 0.3 6.6 2.2 9.4 02:00 S 22 ---------------------------------------------------------------------------------- 16.5 27.3 25 10.2 21 51.6 14.7 0.0 1.3 14.3 12 WSW 123 Max >= 27.0: 1 Max <= 0.0: 0 Min <= 0.0: 0 Min <= -18.0: 0 Max Rain: 0.0 on day 0 Days of Rain: 0 (>= 0.0 mm) 0 (>= 0.1 mm) 0 (>= 1.0 mm) Heat Base: 18.3 Cool Base: 18.3 Method: Integration