NOAA-Style Climate Reports
Select a Year or Month report
2024: Jan Feb Mar Apr May Jun Jul Aug Sep Oct Nov Dec
2023: Jan Feb Mar Apr May Jun Jul Aug Sep Oct Nov Dec
2022: Jan Feb Mar Apr May Jun Jul Aug Sep Oct Nov Dec
2021: Jan Feb Mar Apr May Jun Jul Aug Sep Oct Nov Dec
2020: Jan Feb Mar Apr May Jun Jul Aug Sep Oct Nov Dec
2019: Jan Feb Mar Apr May Jun Jul Aug Sep Oct Nov Dec
2018: Jan Feb Mar Apr May Jun Jul Aug Sep Oct Nov Dec
2017: Jan Feb Mar Apr May Jun Jul Aug Sep Oct Nov Dec
2016: Jan Feb Mar Apr May Jun Jul Aug Sep Oct Nov Dec
2015: Jan Feb Mar Apr May Jun Jul Aug Sep Oct Nov Dec
2014: Jan Feb Mar Apr May Jun Jul Aug Sep Oct Nov Dec
2013: Jan Feb Mar Apr May Jun Jul Aug Sep Oct Nov Dec
2012: Jan Feb Mar Apr May Jun Jul Aug Sep Oct Nov Dec
2024: Jan Feb Mar Apr May Jun Jul Aug Sep Oct Nov Dec
2023: Jan Feb Mar Apr May Jun Jul Aug Sep Oct Nov Dec
2022: Jan Feb Mar Apr May Jun Jul Aug Sep Oct Nov Dec
2021: Jan Feb Mar Apr May Jun Jul Aug Sep Oct Nov Dec
2020: Jan Feb Mar Apr May Jun Jul Aug Sep Oct Nov Dec
2019: Jan Feb Mar Apr May Jun Jul Aug Sep Oct Nov Dec
2018: Jan Feb Mar Apr May Jun Jul Aug Sep Oct Nov Dec
2017: Jan Feb Mar Apr May Jun Jul Aug Sep Oct Nov Dec
2016: Jan Feb Mar Apr May Jun Jul Aug Sep Oct Nov Dec
2015: Jan Feb Mar Apr May Jun Jul Aug Sep Oct Nov Dec
2014: Jan Feb Mar Apr May Jun Jul Aug Sep Oct Nov Dec
2013: Jan Feb Mar Apr May Jun Jul Aug Sep Oct Nov Dec
2012: Jan Feb Mar Apr May Jun Jul Aug Sep Oct Nov Dec
Report for 2020 June
 Monthly Climatological Summary for Jun 2020 Name: Torquay Weather City: Torquay State: Devon Elevation: 26 m Lat: N 50° 29' 36" Lon: W 003° 34' 43" Temperature (°C), Rain (mm), Wind Speed (mph) Heat Cool Avg Mean Deg Deg Wind Dom Day Temp High Time Low Time Days Days Rain Speed High Time Dir ---------------------------------------------------------------------------------- 1 17.8 25.4 16:31 8.6 05:46 2.7 2.2 0.0 1.3 13.0 14:34 N 2 17.6 25.7 15:15 7.7 05:11 3.2 2.6 0.0 1.5 12.0 16:14 N 3 15.0 16.6 00:55 12.7 23:50 3.3 0.0 6.6 1.5 13.0 23:34 N 4 12.8 16.4 13:36 9.3 06:01 5.5 0.0 0.2 3.3 17.0 15:08 N 5 13.1 16.9 17:15 8.7 23:17 5.2 0.0 0.8 3.6 20.0 17:54 N 6 10.8 13.3 16:13 7.4 05:04 7.4 0.0 0.0 4.0 24.0 10:12 N 7 13.6 18.3 16:31 8.2 04:25 4.6 0.0 0.0 2.6 15.0 16:11 N 8 13.4 19.4 15:11 7.6 04:04 4.9 0.0 5.2 1.1 8.0 13:21 N 9 13.4 17.6 11:51 5.6 05:13 4.9 0.0 0.0 0.8 10.0 08:30 N 10 12.9 15.9 12:40 10.4 23:24 5.4 0.0 12.0 1.4 11.0 12:26 N 11 14.5 19.8 15:18 9.1 01:39 3.9 0.1 25.2 2.0 18.0 07:31 N 12 14.7 18.2 11:16 12.0 22:31 3.6 0.0 5.2 2.3 15.0 18:22 N 13 14.7 16.7 13:18 11.3 04:21 3.6 0.0 0.2 2.3 17.0 09:31 N 14 13.5 20.4 18:06 7.6 02:48 4.9 0.0 1.6 1.0 9.0 18:26 NNE 15 14.2 19.7 15:45 9.7 06:27 4.2 0.0 0.0 1.6 11.0 15:39 N 16 15.9 20.4 16:34 11.7 23:56 2.7 0.3 0.0 1.2 10.0 15:30 N 17 15.2 21.0 13:52 8.8 05:11 3.6 0.5 0.0 0.6 9.0 13:38 N 18 14.4 16.7 14:20 12.7 05:32 3.9 0.0 15.2 1.0 9.0 16:40 N 19 14.7 17.1 16:23 11.9 04:57 3.5 0.0 0.4 3.2 14.0 09:49 N 20 15.6 25.1 16:35 13.5 00:00 2.6 0.2 1.6 1.4 10.0 17:15 N 21 15.5 19.1 17:13 8.6 23:59 2.8 0.0 7.0 3.3 17.0 11:32 N 22 14.4 20.0 15:37 6.7 04:06 4.1 0.3 0.2 2.0 16.0 15:37 N 23 17.0 22.9 16:53 9.6 04:25 2.6 1.3 0.0 0.9 10.0 13:24 N 24 18.3 26.5 13:40 9.7 05:27 2.7 2.7 0.0 0.9 12.0 16:27 N 25 19.1 26.4 13:58 10.8 04:44 2.0 2.8 0.0 0.6 8.0 14:40 N 26 17.2 19.6 14:32 15.4 20:51 1.2 0.1 0.0 2.3 14.0 11:45 N 27 15.5 19.0 13:44 11.7 23:07 2.5 0.0 3.2 2.5 17.0 19:54 N 28 14.5 17.4 14:30 11.8 00:45 3.8 0.0 0.0 4.3 20.0 12:33 N 29 14.6 18.1 15:49 11.9 05:11 3.7 0.0 0.0 4.0 22.0 14:02 N 30 15.3 18.2 15:00 12.7 00:00 2.7 0.0 1.6 1.7 18.0 15:00 N ---------------------------------------------------------------------------------- 15.0 26.5 24 5.6 9 111.7 13.1 86.2 2.0 24.0 6 N Max >= 27.0: 0 Max <= 0.0: 0 Min <= 0.0: 0 Min <= -18.0: 0 Max Rain: 25.2 on day 11 Days of Rain: 16 (>= 0.0 mm) 16 (>= 0.1 mm) 11 (>= 1.0 mm) Heat Base: 18.3 Cool Base: 18.3 Method: Integration